1
What are the prime factors of 22039164?
2, 3, 7, 19, 4603
What are the prime factors of 663611?
13, 51047
What are the prime factors of 144226?
2, 37, 1949
List the prime factors of 12731166.
2, 3, 7, 79, 1279
What are the prime factors of 1048606?
2, 13, 31, 1301
What are the prime factors of 3995029?
3995029
What are the prime factors of 2093629?
19, 101, 1091
What are the prime factors of 8894008?
2, 23, 48337
What are the prime factors of 50551?
50551
What are the prime factors of 447828?
2, 3, 67, 557
List the prime factors of 617617.
7, 11, 13, 617
What are the prime factors of 219062?
2, 17, 379
What are the prime factors of 295043?
7, 113, 373
List the prime factors of 47856.
2, 3, 997
What are the prime factors of 996899?
996899
List the prime factors of 1448559.
3, 7, 22993
List the prime factors of 722347.
17, 42491
List the prime factors of 527047.
59, 8933
List the prime factors of 23601448.
2, 13, 226937
List the prime factors of 2774709.
3, 7, 53, 277
List the prime factors of 1355437.
383, 3539
What are the prime factors of 271662?
2, 3, 19, 2383
What are the prime factors of 11626030?
2, 5, 13, 89431
List the prime factors of 17170102.
2, 17, 349, 1447
What are the prime factors of 97021?
97021
What are the prime factors of 720023?
720023
List the prime factors of 1474728.
2, 3, 43, 1429
What are the prime factors of 587027?
7, 17, 4933
List the prime factors of 2342539.
2342539
List the prime factors of 1830309.
3, 13, 71, 661
List the prime factors of 117704.
2, 14713
What are the prime factors of 63923?
97, 659
List the prime factors of 20453372.
2, 5113343
What are the prime factors of 97674?
2, 3, 73, 223
What are the prime factors of 794236?
2, 23, 89, 97
List the prime factors of 501710.
2, 5, 11, 4561
List the prime factors of 135495.
3, 5, 3011
What are the prime factors of 16678529?
7, 73, 127, 257
List the prime factors of 168442.
2, 84221
List the prime factors of 6441968.
2, 13, 30971
List the prime factors of 6204133.
13, 17, 67, 419
What are the prime factors of 1420931?
1420931
What are the prime factors of 292018?
2, 146009
What are the prime factors of 232398?
2, 3, 12911
What are the prime factors of 3444525?
3, 5, 7
What are the prime factors of 6532136?
2, 13, 107, 587
List the prime factors of 934826.
2, 149, 3137
List the prime factors of 10557367.
1471, 7177
What are the prime factors of 8386716?
2, 3, 13, 37, 1453
List the prime factors of 10980260.
2, 5, 549013
List the prime factors of 7282877.
7, 1040411
List the prime factors of 1346391.
3, 211, 709
List the prime factors of 2613176.
2, 31, 41, 257
List the prime factors of 286956.
2, 3, 2657
What are the prime factors of 2481644?
2, 11, 56401
List the prime factors of 27334421.
619, 44159
List the prime factors of 1052807.
7, 150401
What are the prime factors of 236945?
5, 47389
What are the prime factors of 7521811?
11, 71, 9631
What are the prime factors of 1409368?
2, 17, 43, 241
List the prime factors of 445029.
3, 13, 11411
What are the prime factors of 449931?
3, 47, 3191
What are the prime factors of 367733?
367733
What are the prime factors of 659595?
3, 5, 43973
What are the prime factors of 5264560?
2, 5, 7, 17, 79
List the prime factors of 1552233.
3, 517411
List the prime factors of 246122.
2, 109, 1129
What are the prime factors of 18064082?
2, 9032041
What are the prime factors of 5328520?
2, 5, 133213
List the prime factors of 6480287.
11, 577, 1021
List the prime factors of 56825.
5, 2273
List the prime factors of 3260353.
181, 18013
List the prime factors of 239470.
2, 5, 7, 11, 311
What are the prime factors of 3446669?
3446669
List the prime factors of 464719.
541, 859
What are the prime factors of 84068?
2, 21017
What are the prime factors of 427770?
2, 3, 5, 7, 97
List the prime factors of 7811927.
23, 339649
What are the prime factors of 2135626?
2, 163, 6551
List the prime factors of 127123.
127123
What are the prime factors of 1310930?
2, 5, 337, 389
List the prime factors of 33800541.
3, 11266847
List the prime factors of 337960.
2, 5, 7, 17, 71
List the prime factors of 251452.
2, 37, 1699
What are the prime factors of 18314826?
2, 3, 3052471
List the prime factors of 203948.
2, 67, 761
List the prime factors of 1117448.
2, 139681
What are the prime factors of 545966?
2, 272983
What are the prime factors of 18516648?
2, 3, 771527
List the prime factors of 2083678.
2, 569, 1831
What are the prime factors of 573618?
2, 3, 95603
List the prime factors of 8166369.
3, 229, 11887
What are the prime factors of 231783?
3, 77261
List the prime factors of 75138.
2, 3, 7, 1789
What are the prime factors of 3250998?
2, 3, 179, 1009
What are the prime factors of 978269?
978269
List the prime factors of 1247809.
179, 6971
List the prime factors of 294159.
3, 31, 3163
What are the prime factors of 79774?
2, 39887
List the prime factors of 2444165.
5, 488833
What are the prime factors of 12704387?
12704387
What are the prime factors of 215216?
2, 13451
List the prime factors of 12348542.
2, 6174271
What are the prime factors of 1561658?
2, 7, 331, 337
What are the prime factors of 8681165?
5, 1736233
List the prime factors of 6467492.
2, 181, 8933
What are the prime factors of 287289?
3, 137, 233
What are the prime factors of 11308760?
2, 5, 269, 1051
What are the prime factors of 8840508?
2, 3, 443, 1663
What are the prime factors of 355644?
2, 3, 37, 89
What are the prime factors of 157464?
2, 3
List the prime factors of 2463211.
2463211
What are the prime factors of 426738?
2, 3, 13, 5471
What are the prime factors of 735291?
3, 113, 241
What are the prime factors of 1184522?
2, 592261
List the prime factors of 36839058.
2, 3, 89, 149, 463
List the prime factors of 3081343.
3081343
List the prime factors of 177418.
2, 43, 2063
List the prime factors of 14095891.
19, 79, 9391
What are the prime factors of 5577947?
29, 192343
What are the prime factors of 3215559?
3, 37, 59, 491
List the prime factors of 128616.
2, 3, 23, 233
List the prime factors of 3398561.
31, 37, 2963
What are the prime factors of 34969328?
2, 1319, 1657
What are the prime factors of 17096627?
37, 79, 5849
List the prime factors of 3839056.
2, 13, 18457
List the prime factors of 2612265.
3, 5, 349, 499
List the prime factors of 176105.
5, 35221
What are the prime factors of 8323204?
2, 2080801
What are the prime factors of 4596493?
11, 417863
List the prime factors of 6976567.
13, 23, 23333
What are the prime factors of 5804254?
2, 31, 179, 523
List the prime factors of 3519734.
2, 1759867
What are the prime factors of 526673?
7, 75239
List the prime factors of 1816575.
3, 5, 53, 457
What are the prime factors of 381980?
2, 5, 71, 269
What are the prime factors of 210521?
31, 6791
List the prime factors of 2083614.
2, 3, 13, 26713
List the prime factors of 7004546.
2, 3502273
What are the prime factors of 389287?
389287
What are the prime factors of 275675?
5, 11027
What are the prime factors of 4757680?
2, 5, 59471
List the prime factors of 16889119.
13, 19, 101, 677
List the prime factors of 11289828.
2, 3, 11, 31, 89
What are the prime factors of 1601305?
5, 31, 10331
What are the prime factors of 660589?
660589
List the prime factors of 2198039.
2198039
List the prime factors of 515315.
5, 23, 4481
List the prime factors of 477780.
2, 3, 5, 7963
What are the prime factors of 7548?
2, 3, 17, 37
List the prime factors of 120027.
3, 40009
List the prime factors of 387110.
2, 5, 38711
List the prime factors of 2041382.
2, 7, 43, 3391
What are the prime factors of 226510?
2, 5, 22651
What are the prime factors of 153238?
2, 17, 4507
List the prime factors of 8811169.
439, 20071
List the prime factors of 47601.
3, 41, 43
List the prime factors of 2039706.
2, 3, 47, 2411
List the prime factors of 439967.
11, 23, 37, 47
What are the prime factors of 689966?
2, 19, 67, 271
What are the prime factors of 229132?
2, 57283
List the prime factors of 114561.
3, 4243
What are the prime factors of 1397562?
2, 3, 163, 1429
List the prime factors of 3907664.
2, 283, 863
What are the prime factors of 3403075?
5, 13, 37, 283
List the prime factors of 2015.
5, 13, 31
What are the prime factors of 494083?
494083
List the prime factors of 848050.
2, 5, 7, 2423
List the prime fa